at is the remainder when b is divided by 12?
9
Let a = 4 + 4. Let t be (-2)/a + (-908)/16. Calculate the remainder when 70 is divided by 6/(-8)*(9 + t).
34
Let i = -103 - -91. Let r = 0 - i. Calculate the remainder when 23 is divided by r.
11
Let s = 1725 + -1673. Suppose -v - 4*v + 45 = 0. What is the remainder when s is divided by v?
7
Let g be 5 + -2 - (-4 + 61)*-1. What is the remainder when 45 is divided by ((-12)/15)/(-2)*g?
21
What is the remainder when 113 is divided by ((-33)/15)/((-7)/35)?
3
Let l(b) = -b - 9. Let k be l(-10). Let x be (1 - (-4 + k)) + 2. Let u(m) = 2*m**2 - m. Calculate the remainder when u(x) is divided by 17.
15
Suppose 4*h = 5*x + 73 + 268, h - 83 = 2*x. Calculate the remainder when h is divided by 80.
9
Let y be 18 - -1*(-9)/3. What is the remainder when 33 is divided by 185/25 + (-6)/y?
5
Let f(j) = -2*j - 4. Let o(h) = 2*h - 4*h - 3*h - h. Let s be o(1). What is the remainder when 15 is divided by f(s)?
7
Let s = -175 - -262. Suppose g - s = -2*g. Calculate the remainder when g is divided by ((-1)/2)/((-1)/16).
5
Suppose 0 = 2*y - 3*y + 113. What is the remainder when y is divided by 52?
9
Suppose 4*u - 8 = r, 3*r + u - 3 = -1. Suppose -26*f + 21*f + 30 = r. Suppose f*v + 17 = 59. What is the remainder when 20 is divided by v?
6
Suppose 6068 = 333*m - 292*m. What is the remainder when m is divided by 18?
4
Let u(y) = 29*y + 66. What is the remainder when u(0) is divided by 10?
6
Let m(y) = 2*y. Let g be m(2). Suppose -3*q + 4*l = -16 - 9, 5*q - g*l = 55. Calculate the remainder when 57 is divided by q.
12
Let u(h) = 5*h**2 - h + 2. What is the remainder when (9 + -3)*(3105/(-18))/(-15) is divided by u(-2)?
21
Let s(f) = f**3 - 3*f**2 - 3*f + 44. Calculate the remainder when s(6) is divided by 35.
29
Suppose 0 = -3*j + 69. Suppose 0 = -y + 3*t + 22, 5*y = 7*y + 5*t - 11. What is the remainder when j is divided by y?
10
Let g = 64 - -376. What is the remainder when g is divided by 26?
24
Let y = 182 - 163. What is the remainder when 93 is divided by y?
17
Suppose -2*w = -104 - 108. What is the remainder when 47 is divided by (-16)/(-72) + w/9?
11
Suppose -3496 = -4*l + 4*d, l = 6*l + 4*d - 4352. What is the remainder when l is divided by 35?
32
Calculate the remainder when 43 is divided by (-4)/3 + 1050/45.
21
Suppose -5*d - 2*i = -22, 3*i + 13 = 2*d + 2*d. What is the remainder when (-126)/(-9) - ((0 - -2) + -2) is divided by d?
2
Let m = 161 + -146. Calculate the remainder when 45 is divided by m.
0
Calculate the remainder when 280 is divided by (-2 - 1)/((-3)/47).
45
Let s(h) = -h**3 + h**2 + h. Let o(m) = 3*m**3 - 20*m**2 - 3*m - 3. Let i(t) = -o(t) - 4*s(t). Calculate the remainder when i(-16) is divided by 3.
1
Let y = -694 - -705. What is the remainder when 384 is divided by y?
10
Calculate the remainder when 8/(-6)*2865/(-20) is divided by 87.
17
Let p = -33 + 65. Let f = 51 - p. Suppose 0 = 2*b + 4 - 14. Calculate the remainder when f is divided by b.
4
Let c(g) = 29*g**2 - g. Let w be c(-1). Suppose -3*z + 127 = 5*m, -2*m - 3*z + 26 = -32. What is the remainder when (-2 + -10)*w/(-4) is divided by m?
21
Let k(g) = 2*g**2 + 2*g + 2. Let t be (-72)/21 - 18/(-42). Let x(c) = 3*c - 7. Calculate the remainder when k(t) is divided by x(5).
6
Suppose 5*x + 280 = -5*h, -5*h + 3*x - 260 = -2*x. Let s = 128 + h. What is the remainder when s is divided by 21?
11
Let i(g) = 112*g**3 - g**2 + 6*g - 5. What is the remainder when i(1) is divided by 29?
25
Suppose 4*z + 116 = 4*m, 4*m - 4*z + 2*z - 120 = 0. Let b = -21 + m. Let h(k) = -k**3 - 6*k**2 - 5*k + 8. What is the remainder when h(-6) is divided by b?
8
Suppose -2*y - 3*j = 4, -j + 12 = y + 3*y. Suppose -12 = -y*s + 16. Suppose 5*i = 10, u - 24 = -4*i + 2. What is the remainder when u is divided by s?
4
Let u be (1 + -5)*(-54)/12. Let q(i) = -i**3 + 19*i**2 - 18*i + 22. Calculate the remainder when 107 is divided by q(u).
19
Calculate the remainder when (329/(-21))/(3 + (-165)/54) is divided by 19.
16
Suppose -58*l - 640 = -74*l. What is the remainder when l is divided by 7?
5
What is the remainder when 131 is divided by (1/(-3))/((-75)/4275)?
17
Let q(t) = -29*t - 2. Let o be q(-4). Suppose 5*h - 4*u - o = 0, 4 + 0 = -4*u. What is the remainder when 83 is divided by h?
17
Let z(j) = 21*j - 52. Calculate the remainder when z(5) is divided by 21.
11
Let p = -194 - -107. Let q = p + 93. Let g(r) = r**3 + 6*r**2 - 4*r + 5. Calculate the remainder when g(-6) is divided by q.
5
What is the remainder when 41 is divided by (616/28)/(0 - -1)?
19
Let j be 5/(-30) - (-4621)/6. Suppose -j = -5*q - l, -82 - 688 = -5*q - 4*l. What is the remainder when q is divided by 39?
37
Let g(w) = 15*w - 210. Suppose -3*i = -21 - 27. What is the remainder when g(17) is divided by i?
13
Let n(r) = 189*r + 4. Let p(z) = 63*z + 1. Let i(s) = 2*n(s) - 7*p(s). What is the remainder when 189 is divided by i(-1)?
61
Let m = 28 + -6. Let o(l) = -l**2 - 7*l - 4. Calculate the remainder when m is divided by o(-5).
4
Let t = 57 + -18. Let v = 185 - 126. Let r = v - t. Calculate the remainder when r is divided by 7.
6
Calculate the remainder when 243 is divided by 46 - (-4 + -2 - -3).
47
Let f = 8 - 5. Let t be (-6)/(-10) + 36/15. Suppose 3*r - 72 = -k + 1, 0 = -r + 5*k + t. Calculate the remainder when r is divided by f.
2
Calculate the remainder when 824 is divided by (-10)/(-70) + 824/14.
57
Let k(g) = -g + 6. Let u be k(4). Let o be (u + -2)*(-1)/(-2). Suppose o = -4*t - 2*s + 8 - 0, -4*t + 8 = -3*s. What is the remainder when t is divided by 1?
0
Suppose 22*b + 229 = 1285. What is the remainder when 430 is divided by b?
46
Suppose 15 = i + 4*i. Suppose -4*x + 40 = -3*x. Suppose -6*l = -l - x. Calculate the remainder when l is divided by i.
2
Let v(w) = 21*w - 606. Calculate the remainder when v(33) is divided by 8.
7
Let b(u) = 5*u - 2. Let k = -205 - -276. Calculate the remainder when k is divided by b(4).
17
Let n(j) = 12*j - 82. Calculate the remainder when 21 is divided by n(8).
7
Let g(o) = -o + 17. What is the remainder when 3 + (-5 - (0 - 6)) is divided by g(13)?
0
Let n be ((-7)/3)/(1/(-3)). Suppose n*b - 51 = 4*b. What is the remainder when 63 is divided by b?
12
Suppose -92*r + 70 = -87*r. What is the remainder when 3288 is divided by r?
12
Let s(z) = -1 - 8*z - 1 + 1. Calculate the remainder when s(-5) is divided by 216/81*30/4.
19
What is the remainder when 26 is divided by (-118)/(-649) + (150/22)/1?
5
Suppose 135 = -0*u + 5*u. Suppose -22 = -3*j - 1. Let c = 0 + j. What is the remainder when u is divided by c?
6
Let q = -58 + 92. Let s be 24/(-10)*(-75)/(-10). Calculate the remainder when q is divided by (s/5)/(10/(-25)).
7
Let n(z) = -z**2 + 23*z - 45. Suppose 40 = -t - 73. Let a = -56 - t. Calculate the remainder when a is divided by n(20).
12
Suppose 8*x = -0*x - u + 469, -5*x + 286 = 3*u. Suppose -2*j = 2*j - 120. What is the remainder when x is divided by j?
29
Suppose -36 = 5*z - 126. What is the remainder when 24 is divided by z?
6
Let a = 8 + -24. Let u = 21 + a. Let v = 15 - 7. What is the remainder when v is divided by u?
3
Suppose 3*c + m = -c + 34, -2*m = -4*c + 40. Suppose 5*d = 2*d + c. Suppose -4*z - 2*r = 0, -r - r - 14 = -d*z. Calculate the remainder when 11 is divided by z.
1
Let b(q) = -q**3 - 12*q**2 - 12*q + 5. Let g be b(-11). Let x = 1 + g. What is the remainder when x is divided by 6?
5
Let r(f) = -f**3 - 14*f**2 + 28*f - 54. What is the remainder when 39 is divided by r(-16)?
9
Let u(b) = b**3 - 12*b**2 - 6*b - 31. Let q be u(13). Suppose 6*l = 2*l + q. What is the remainder when 44 is divided by l?
14
Suppose 4*v + y = 3*y + 246, 2*v - 3*y = 113. Calculate the remainder when 319 is divided by v.
63
Suppose 6 = 48*p - 47*p. Calculate the remainder when 16 is divided by p.
4
Suppose -5*x + 2*x = -3*h, -h + 4*x - 9 = 0. Let n(t) = 25*t**h - 95*t**3 - t**2 - 3*t - 1 + 2*t. Calculate the remainder when n(-1) is divided by 24.
21
Let a(u) = u**3 + u**2 + 86. Let y(p) = 10*p - 8. Calculate the remainder when a(0) is divided by y(3).
20
Suppose -29 - 27 = 7*n. What is the remainder when 2/(n/(-4)) + 14 is divided by 6?
3
Suppose -500 = -4*w - w. Suppose -4*g = 2*h - w, 3*g + 0*h - 88 = 5*h. Calculate the remainder when 154 is divided by g.
24
Suppose -3*i